en 95/(-665) + 211/7 is divided by f?
8
Suppose -5*w = -0*w - 70. What is the remainder when 27 is divided by w?
13
Suppose -4*x = -87 - 1. Suppose 3*g - x = -n + 3, -3*g + 3*n = -45. What is the remainder when 37 is divided by g?
7
Suppose f = 2*f + d - 26, -f = -d - 26. Calculate the remainder when f is divided by 14.
12
Let v(n) = n**3 + 21*n**2 + 21*n + 50. What is the remainder when 66 is divided by v(-20)?
6
Suppose 3*c - 4*k = 109, -9*c - 3*k = -4*c - 143. Calculate the remainder when 56 is divided by c.
25
Let a = -3 - -5. Let h(s) = 2*s**3 - s**2 - 3*s + 2. Calculate the remainder when h(a) is divided by (1 - 0/(-3 - -1))*3.
2
Suppose q - d - 1 = 17, -5*q + 2*d = -102. Calculate the remainder when q is divided by 12.
10
Let p(g) = 4*g**2 - 8*g + 12. Calculate the remainder when 131 is divided by p(2).
11
Suppose 5*h + 0*r = 5*r + 10, -8 = -2*h + r. What is the remainder when 10 is divided by h?
4
Let w = -7 - -9. Suppose -5*i = -2*l + 11 - 56, 4*l - 45 = -5*i. Suppose 5*x - i = 1. Calculate the remainder when w is divided by x.
0
Suppose 155 - 43 = 4*s. Calculate the remainder when s is divided by (0 + 10)*(-24)/(-15).
12
Let d(y) = y. Let n(v) = -v**2 + 1. Let k be n(-1). Suppose -20 = 5*m, 4*m = -4*i - k*m + 8. Calculate the remainder when d(i) is divided by 4.
2
Suppose -19*j + 92 = -15*j. Suppose 5*t + 2*v - 5 - 53 = 0, 4*t = -3*v + 45. What is the remainder when j is divided by t?
11
Suppose 5*c - 193 = 2*s, 2*s + 2*s = c - 53. Let u = 118 - c. What is the remainder when u is divided by 14?
11
Suppose 2*h + 32 = 6*h. Let w(u) = 5*u - 12. Calculate the remainder when w(h) is divided by 15.
13
Suppose -3*u - 2*d = -136 - 231, -u + 3*d = -137. What is the remainder when u is divided by 8?
5
Let k(m) = m**3 + 8*m**2 - 10*m - 7. Let g be k(-9). What is the remainder when 23 is divided by 24/(-16) - (-19)/g?
7
Let u = -17 + 32. Calculate the remainder when 42 is divided by u.
12
Let f = -52 - -82. Calculate the remainder when 56 is divided by f.
26
Calculate the remainder when 80 is divided by 30*((-70)/(-25) - 2).
8
Let x be (-2)/(-10) - (-68)/10. Let q = 7 + x. What is the remainder when 41 is divided by q?
13
Suppose 4*k = 46 + 18. Let w(b) = -2*b**2 - 5*b + 2. Let c be w(3). Let i = 61 + c. Calculate the remainder when i is divided by k.
14
Suppose -5*m + u + 29 = 0, -14 = 5*u + 6. Calculate the remainder when m is divided by 4.
1
What is the remainder when 9/6*(-372)/(-9) is divided by 16?
14
Let j(d) = -d**2 + 19*d - 27. Calculate the remainder when 41 is divided by j(17).
6
Suppose -3*z + 28 = x, 5*x + 3*z = 8*z + 80. What is the remainder when x is divided by (0 + 3)/(-6)*-22?
8
Let k(c) = 3*c**2 + c. Let b be k(-1). Suppose 2 = -b*i + 16. What is the remainder when i is divided by 3?
1
Calculate the remainder when ((-2)/(-8) - 0) + 806/8 is divided by 52.
49
Suppose -3*z + 5*g + 36 = 0, -z - 9 + 21 = g. Let s be 1/(1 + z/(-11)). Let c = 25 + s. What is the remainder when 26 is divided by c?
12
Suppose -h - 14 = -22. What is the remainder when h is divided by 5?
3
Let g(v) = v**3 + 7*v**2 - 8*v + 4. Let c be g(-8). Suppose -c*f + 2*n + 44 = -2*n, 2*f - 34 = -4*n. Calculate the remainder when 22 is divided by f.
9
Suppose 6*c - 14 = 4*c. Suppose -5*y + d + 4*d = -85, -3*d = y + 3. What is the remainder when y is divided by c?
5
Suppose -2*f + 3 - 1 = 0. Calculate the remainder when 28 is divided by (-19 - f)*(-7)/14.
8
Let n(u) = -u**2 - 9*u + 7. Calculate the remainder when 39 is divided by n(-7).
18
What is the remainder when 83 is divided by 7/((-14)/12)*(-63)/18?
20
Let b(c) = -c**2 + 11*c + 2. Let u be b(9). Let k(a) = -a**2 + 10*a + 3. Calculate the remainder when k(5) is divided by (4 + -7)/((-6)/u).
8
Suppose -3*s + 6*s + 5*g = -106, 5*s = -3*g - 150. Let n = s + 53. Calculate the remainder when 75 is divided by n.
23
Suppose -2*s + s = -4*s. Let v(f) = -f + 20 + f**2 - 3*f**2 + 3*f**2. What is the remainder when 38 is divided by v(s)?
18
Let q = 56 + -32. Calculate the remainder when 47 is divided by q.
23
Let o = 21 + -14. Suppose -o = -a - 3*t + t, -t + 56 = 4*a. Suppose 3*w + 170 = 8*w + 5*p, 2*p + 48 = 2*w. What is the remainder when w is divided by a?
14
Let p(b) = 4*b**2 - 7. What is the remainder when p(3) is divided by (-1 + -3)/2*-8?
13
Suppose 0*d = -4*d + 104. Suppose i - 2*f + 4*f - 85 = 0, -3*f - 60 = -i. Calculate the remainder when i is divided by d.
23
Let f(t) = -t**2 + 8*t - 6. Let b be f(7). Suppose -1 = m - r, -m - 3*r + b = -3*m. What is the remainder when ((-26)/4)/(m/8) is divided by 9?
8
Let x(l) = 12*l + 4. Let s = 43 - 22. What is the remainder when x(3) is divided by s?
19
Suppose -5*d = -5*u + 125, 4*u - 71 = u + 2*d. Calculate the remainder when 40 is divided by u.
19
Let a = -7 + 34. What is the remainder when 52 is divided by a?
25
What is the remainder when (-1989)/17*((-8)/6 - -1) is divided by 20?
19
Suppose 5*i + 4*v = 7*i - 52, 113 = 4*i - 5*v. Calculate the remainder when i is divided by 11.
10
Suppose 4*b - 10*b + 150 = 0. What is the remainder when 73 is divided by b?
23
Suppose 10 = 5*f + 4*s, -4*f - 3*s + 7*s = -8. What is the remainder when 3/(-12)*f*-12 is divided by 4?
2
Let o = 556 + -340. Suppose 0 = -4*s + 172 + o. Calculate the remainder when s is divided by 33.
31
Suppose 10 = 2*m - 2. What is the remainder when 15 is divided by m?
3
Suppose 3*y = -2*f - y + 44, 5*f - 110 = 2*y. Let h(i) = -2*i + 2. Let g be h(-5). Suppose 0*k = -k + g. What is the remainder when f is divided by k?
10
Let n = 4 - 2. What is the remainder when 7 is divided by n?
1
Suppose -x - 4*x + 5 = 0. Let d = 8 + -5. Let o = -2 + d. What is the remainder when o is divided by x?
0
Suppose -2*k + 185 = -2*m + 5*m, 2*k = -4*m + 244. Suppose -c - 5*g = -10, 5*c - 2*g = -0*c + 104. Calculate the remainder when m is divided by c.
19
Suppose -2*i - 6 = -0*i. Calculate the remainder when 24 is divided by i/6 - 76/(-8).
6
Suppose -4*y - 106 = -4*t + 26, -5*t - y = -135. Suppose 10 = -2*r + k + 37, 3*r - 60 = -5*k. Calculate the remainder when t is divided by r.
13
Suppose -275 = -4*k - 55. Suppose -5*r + 13 = 3*p, 20 = 5*p - 5*r - k. What is the remainder when 32 is divided by p?
10
Let q(w) be the third derivative of -w**4/6 - 2*w**3/3 - 2*w**2. What is the remainder when q(-5) is divided by (0 - -8)*6/8?
4
Let q(u) = u**3 + 5*u**2 - 8*u - 7. Let h be q(-6). Suppose -5*t = 4*d - 146, -185 = -10*d + 5*d - h*t. What is the remainder when d is divided by 10?
9
Suppose -6*k + 10*k - 512 = 0. What is the remainder when k is divided by 26?
24
Let g = 15 - 11. Suppose g*v = -3*h + 12 + 51, -2*v + 2*h + 14 = 0. What is the remainder when 47 is divided by v?
11
Suppose 0*p - 2*p = u - 3, -5*p = 0. Let o(m) = 21*m**3 - m**2 + m. What is the remainder when o(1) is divided by 12*(-1)/(-6)*u?
3
Let g(a) = a**3 + 5*a**2 - 2*a - 6. Let n be g(-4). Let c(z) = -z**2 + z - 3. Let j be c(0). Calculate the remainder when 53 is divided by (-12)/(-10)*(j + n).
17
Suppose -t + 0*t = -3. Let z(r) = -2*r**2 + 2*r**2 + t*r**2 + 5*r - 2*r**2 - 4. Calculate the remainder when z(3) is divided by 11.
9
Suppose 3*b + 13 + 14 = 0. Let d = -2 - b. Let k = 22 - 10. Calculate the remainder when k is divided by d.
5
Let o(b) = -2*b - 6. Let t be o(-4). Calculate the remainder when 8 is divided by (t - 0)*(-9)/(-6).
2
Suppose 3*i + 2*v = -20, -v = -i - 3*i - 45. Let b = 0 - 2. Let o = b - i. Calculate the remainder when o is divided by 3.
2
Let r(z) = -1 - 1 + 7*z**2 - 1 - z**3 - 2*z - z. What is the remainder when r(6) is divided by 4?
3
Let p(u) = u**3 + 8*u**2 + 7*u - 4. Calculate the remainder when 50 is divided by p(-6).
24
Let i = 15 + 79. Calculate the remainder when i is divided by 20.
14
Let v(b) = -9*b - 11. Let s(d) = 3*d + 4. Let u(o) = 8*s(o) + 3*v(o). What is the remainder when 8 is divided by u(-2)?
3
Let g(t) = t**3 - 10*t**2 - 9*t - 3. What is the remainder when 54 is divided by g(11)?
16
Let f = -8 - -9. Suppose 0 = -2*o - f + 103. What is the remainder when o is divided by 13?
12
Let c = 8 + 6. Calculate the remainder when 40 is divided by c.
12
Suppose m + 5*b + 1 = -1, 24 = 4*m + 4*b. Calculate the remainder when 30 is divided by m.
6
Suppose 4*v = 138 - 50. What is the remainder when 82 is divided by v?
16
Let o = -16 